What is the hundreds digit of j?
5
Let i be ((-4)/(-10))/(2/(-10)) + 1. What is the units digit of ((-420)/45)/((1/24)/i)?
4
What is the tens digit of ((-8)/120*-63 - 4) + (-1274168)/(-35)?
0
Let j(l) = -3*l**3 + 15*l + 31 + 9*l**2 + 2*l**3 + 7 + 3*l**2. Let d be j(13). Let v = 106 - d. What is the tens digit of v?
4
Let a(m) = -m**3 - 3*m**2 - 28*m - 9. Let h(f) = 2*f**3 + 7*f**2 + 57*f + 19. Let p(j) = -5*a(j) - 2*h(j). What is the thousands digit of p(10)?
1
Let b(m) = -2*m + 8. Let n be b(-10). Suppose -5*h + 52 = -4*x, x + 3*h = -h + 8. Let i = n + x. What is the tens digit of i?
2
What is the ten thousands digit of 120/(-14) + 31 + -22 - (-506322)/21?
2
Suppose 0 = 3*h - 5*z - 18837, h = z + 2482 + 3797. What is the thousands digit of h?
6
Let h be 6*(10380/75 + 6/10). Suppose 5*n + 2*k - 3656 + h = 0, -5 = -5*k. What is the hundreds digit of n?
5
Suppose 69*s - 142*s = -663497. What is the thousands digit of s?
9
Let u = 39 + -35. Suppose -v + 414 = -u*j, -4*v + 6*v + j - 783 = 0. What is the units digit of v/9 - (-1 - 14/(-18))?
4
Let o(w) be the third derivative of w**5/30 - w**4/12 - 13*w**3/3 - 43*w**2. What is the units digit of o(-7)?
6
Let x = -10901 + 22089. What is the thousands digit of x?
1
Suppose 106 = -c - 195. Let h = c + 1108. What is the tens digit of h?
0
Let q(k) = -k**3 - 25*k**2 - 42*k - 62. Let m be q(-25). Suppose -88*y + 4*l - m = -92*y, y = 2*l + 262. What is the tens digit of y?
5
What is the thousands digit of (92/3)/(12/1449)?
3
Suppose 9*j - 58270 = -j. What is the hundreds digit of j?
8
Let g = 28008 - 12128. What is the thousands digit of g?
5
Let y = 254 + -206. Suppose y*h + 1071 = 51*h. What is the units digit of h?
7
Suppose -5*z - 3*t = -36319, 24*z - 27*z + t = -21783. What is the tens digit of z?
6
Let t = -81 - -56. Let k be (-8)/(-10) - 4530/t. Suppose 268 = 3*f - k. What is the hundreds digit of f?
1
Suppose 271*k - 834526 = 1334441 - 781176. What is the units digit of k?
1
Let z(s) = 286*s**2 + 34*s + 83. What is the tens digit of z(-8)?
1
Let q = -68 - -70. Suppose m + 522 = 2*c - 62, 0 = 2*c - q*m - 580. What is the tens digit of c?
9
Suppose -1 = k - 2*g + 15, -k = 2*g + 28. Let u(d) = -d**3 - 22*d**2 - 10*d - 66. What is the units digit of u(k)?
4
Let r(q) = -7*q + 16. Suppose 9 = -x - 5*d, -5*x - 2*d + 105 = -7*d. Suppose -4 = 2*s, -x = 4*z + 2*s - 4*s. What is the units digit of r(z)?
1
Suppose 10*x - 91876 - 56494 = 0. What is the thousands digit of x?
4
Suppose 5*o + 4*p - 318717 = 0, o + 3889*p - 3888*p - 63743 = 0. What is the thousands digit of o?
3
Let d = 119 + -207. Let b be 4/22 + (-4628)/d*-2. Let m = -89 - b. What is the tens digit of m?
1
Let y = -1726 - -3566. Suppose 0 = 5*r + 2*g - 1169 - 1131, -4*r + y = g. Suppose 4*z = -4*b + r, z + z - 113 = -b. What is the tens digit of b?
1
Suppose -9*j = 57*j - 30809 - 1019515. What is the hundreds digit of j?
9
Let k = 55756 + -33130. What is the hundreds digit of k?
6
Let k(a) = -297*a**3 + 5*a**2 + 4. Let j be k(-2). Suppose -6*o - 714 = -j. What is the tens digit of o?
8
Let p(r) = 8*r + 9*r - r**2 + 0*r**2 - 10. Let h(i) = -31*i - 983. Let y be h(-32). What is the tens digit of p(y)?
6
Let i = -91 + 89. Let r be 20 - (i + -3*(-3)/(-9)). Suppose -4*q = -m + r, -3*m + q + 122 = m. What is the tens digit of m?
3
Let u(m) = -116*m**3 + m**2 + 6*m - 4. Let r be u(2). Let n = r + 1387. What is the tens digit of n?
7
Suppose 5*v + 157 = -2*i + 419, 0 = i + 2*v - 132. Suppose 221 = l + i. What is the units digit of l?
5
Let p(d) = d**3 + 62*d**2 + 201*d + 292. What is the tens digit of p(-51)?
5
Let b be (-6)/15 + (1 - 51/(-15)). Suppose 3*z + 6 = 0, b*z + 888 = -3*x + 7*x. What is the units digit of x?
0
Let z(y) = -28 - y**3 + 22 + 34 + 15*y**2 + 13. What is the hundreds digit of z(12)?
4
Let l = 37006 + -15974. What is the ten thousands digit of l?
2
Let l = 45 + -43. Suppose 21 = -5*h + 2*i + 3, l*h + 5*i + 13 = 0. Let d(o) = -o**3 - 4*o**2 - o + 8. What is the units digit of d(h)?
2
Suppose -2*r = 20*r - 770. Suppose -5 = -h + 16. Let m = r - h. What is the tens digit of m?
1
Suppose -4*v = 3*l - 22740, 5*v - 1121 - 21613 = -3*l. What is the tens digit of l?
8
Let z(u) = u**2 + 3*u + 2924. What is the hundreds digit of z(0)?
9
Let u = -96 + 59. Let c = u + 3. Let o = 53 + c. What is the units digit of o?
9
Let f(k) = k**3 - 10*k**2 - 19*k + 20. Let b(z) = z**2 - 14*z + 36. Let y be b(12). What is the units digit of f(y)?
0
Suppose 8*p - 61182 = 57266. What is the hundreds digit of p?
8
Suppose j + 1917 = 3*h, 7*j - 2*j = 3*h - 1905. Suppose 21*x - 16*x = -h. Let i = -124 - x. What is the units digit of i?
4
Let u be (140/15 + -9)/((-2)/(-30)). Let f be (-2 + 15/9)*0/(-4). Suppose -2*m + u*b = -93, f = 3*m + 4*b - 24 - 150. What is the tens digit of m?
5
Let s(c) = -495*c + 126. Let b(q) = 31*q - 8. Let i(z) = -66*b(z) - 4*s(z). What is the units digit of i(-4)?
8
Let b be (((-2)/6)/1)/((-17)/102). Suppose 0 = -5*c + 6*v - b*v - 1, c - 7 = -v. What is the tens digit of 0 - (-53)/c - (-1)/3?
1
What is the hundreds digit of (15/12*(-30)/(-25))/((-22)/(-126588))?
6
Let n(s) = 2*s + 6. Let q be n(-3). Suppose -2*u - 8 = q, -3*m + 494 = u + 153. Let a = 355 - m. What is the hundreds digit of a?
2
Let t = 22 - 26. Let q be (t/(-8) - (-29)/(-2))/(-2). Suppose -q*b + 660 = -4*b. What is the hundreds digit of b?
2
Let x(y) = 8460*y**2 - 74*y - 76. What is the tens digit of x(-1)?
5
Let o(p) = 665*p**2 + p - 2. Let m(z) = 3*z - 32. Let j be m(11). What is the tens digit of o(j)?
6
Let i(b) = -b**3 + 15*b**2 + 29*b - 20. Let n = -60 - -76. What is the hundreds digit of i(n)?
1
Let x(l) = -23*l**3 + l**2 + 3*l + 2. Suppose -5*a + 4*u = 22, -a + 4*u - 4 = -5*a. What is the units digit of x(a)?
4
Let d(s) = 37*s + 12. Let n be d(4). Suppose -2*y + 4*y - n = 2*g, -g - 5 = 0. What is the tens digit of y?
7
What is the tens digit of (1/3)/(12/489384)?
9
Suppose -2*w - 15 = -19. Suppose o - 5*a + 12 = 0, -a = -4*o - 6*a + w. What is the tens digit of 0 - 15*o/3?
1
Let a(t) = 10*t. Let j be a(1). Suppose -19*v + j = -17*v. Let o = 28 + v. What is the units digit of o?
3
Let f(m) = 25*m - 2. Let h(j) = -11*j - 3. Let k be h(-1). Let q be (1 + k - -1) + -2. What is the units digit of f(q)?
8
Let x(n) = 5839*n**3 - 5*n**2 + n + 4. What is the hundreds digit of x(1)?
8
Suppose 4*h = 4*a - 3116, -4*a + 8*h - 3*h = -3114. What is the units digit of (96/20)/6*(a - 1)?
4
Let h = 21161 - 3596. What is the units digit of h?
5
Let h(r) be the third derivative of -79*r**4/24 + 7*r**3/2 - 3*r**2 + 17. What is the tens digit of h(-3)?
5
What is the hundreds digit of 14/((-924)/(-3464550)) + 8 + (-2)/11?
5
Suppose -82*w + 85*w + 4*o = 2644, 3*w - 2649 = -3*o. What is the hundreds digit of w?
8
Let s(o) = -77 - 5*o + 87 - 13*o. What is the tens digit of s(-10)?
9
Suppose -3*l + 2*l - 8*l = -156753. What is the hundreds digit of l?
4
Let r(j) = 2. Let a(f) = f**3 + 16*f**2 - 10*f - 47. Let n(v) = a(v) - 6*r(v). What is the hundreds digit of n(-11)?
6
Let a be (511 - 4)*(-40)/(-12). Suppose t - 1264 = -3*l, 0 = -4*l + t - 0*t + a. Suppose 56 = -3*z + l. What is the tens digit of z?
2
What is the thousands digit of -5*((-54726)/70 + -4)?
3
Let v(n) = 54*n + 76. Let a(g) = 41*g + 45. Let x(j) = 61*j + 68. Let q(l) = 7*a(l) - 5*x(l). Let r(u) = 16*q(u) + 5*v(u). What is the tens digit of r(-6)?
8
Suppose -2*n - 94 = 56. Let d = n - -257. What is the units digit of (-1317)/(-7) + (-26)/d?
8
Let v be -17*1*806/(-26). Suppose 4*a + 4*m = 7*m + v, -4*m = 4. What is the tens digit of a?
3
Let o be ((-6)/12)/1*186. Let q = o - -232. What is the hundreds digit of q?
1
Let a(h) = 14*h + 19. Suppose s = 3*l + 25, -2*s = 3*s + l - 45. What is the hundreds digit of a(s)?
1
What is the hundreds digit of 5214 + (2/(-4) - 99/(-22))?
2
Let l be ((-34 - -31) + 22/(-6))*39. What is the hundreds digit of 33/(-55)*16/6*l?
4
Let d be -8*(((-8)/(-2))/8 - 1). Suppose 1800 + 968 = d*l. What is the hundreds digit of l?
6
Suppose 0 = 4*d + 3*g - 2*g - 1157, 4*g - 1460 = -5*d. Suppose 45*t = -7*t + 260. Suppose 3*i = t*i - d. What is the tens digit of i?
4
Let i = -8997 + 20540. What is the ten thousands digit of i?
1
Suppose -2*w + 12433 = 5*l, 10*w - 5*w - 31108 = -4*l. What is the units dig